{"id":1292,"date":"2023-12-07T15:41:01","date_gmt":"2023-12-07T14:41:01","guid":{"rendered":"https:\/\/openideas.site\/fmanantial\/?post_type=colaborador&#038;p=1292"},"modified":"2026-04-17T22:27:01","modified_gmt":"2026-04-17T21:27:01","slug":"consejeria-de-familia-juventud-y-politica-social","status":"publish","type":"colaborador","link":"https:\/\/www.fundacionmanantial.org\/en\/colaborador\/consejeria-de-familia-juventud-y-politica-social\/","title":{"rendered":"Consejer\u00eda de Familia, Juventud y Asuntos Sociales"},"content":{"rendered":"\r\n<ul class=\"wp-block-list\">\r\n<li><span style=\"font-weight: 400;\">Proyecto Emplea Salud Mental para favorecer los procesos de recuperaci\u00f3n e inclusi\u00f3n laboral de personas con problemas de salud mental en situaci\u00f3n de alta vulnerabilidad y riesgo de exclusi\u00f3n social.<\/span><\/li>\r\n<li>Concertaci\u00f3n de la gesti\u00f3n de Centros<\/li>\r\n\r\n\r\n\r\n<li>Equipamiento y reforma de Centros<\/li>\r\n\r\n\r\n\r\n<li>Servicio de Informaci\u00f3n y Orientaci\u00f3n<\/li>\r\n\r\n\r\n\r\n<li>Programa de Pisos Supervisados<\/li>\r\n\r\n\r\n\r\n<li>Programa de Voluntariado<\/li>\r\n\r\n\r\n\r\n<li>Servicio de \u00c1mbito Penitenciario<\/li>\r\n\r\n\r\n\r\n<li>Servicio de Apoyo a la Capacidad Jur\u00eddica<\/li>\r\n\r\n\r\n\r\n<li>Casa Verde<\/li>\r\n\r\n\r\n\r\n<li>Cofinanciaci\u00f3n de la Comunidad de Madrid y de la Uni\u00f3n Europea a trav\u00e9s del FSE como parte de la respuesta de la Uni\u00f3n a la pandemia de COVID-19.<\/li>\r\n<\/ul>\r\n","protected":false},"featured_media":5428,"template":"","categoria":[30],"class_list":["post-1292","colaborador","type-colaborador","status-publish","has-post-thumbnail","hentry","categoria-entidades-publicas"],"acf":[],"_links":{"self":[{"href":"https:\/\/www.fundacionmanantial.org\/en\/wp-json\/wp\/v2\/colaborador\/1292","targetHints":{"allow":["GET"]}}],"collection":[{"href":"https:\/\/www.fundacionmanantial.org\/en\/wp-json\/wp\/v2\/colaborador"}],"about":[{"href":"https:\/\/www.fundacionmanantial.org\/en\/wp-json\/wp\/v2\/types\/colaborador"}],"version-history":[{"count":1,"href":"https:\/\/www.fundacionmanantial.org\/en\/wp-json\/wp\/v2\/colaborador\/1292\/revisions"}],"predecessor-version":[{"id":11185,"href":"https:\/\/www.fundacionmanantial.org\/en\/wp-json\/wp\/v2\/colaborador\/1292\/revisions\/11185"}],"wp:featuredmedia":[{"embeddable":true,"href":"https:\/\/www.fundacionmanantial.org\/en\/wp-json\/wp\/v2\/media\/5428"}],"wp:attachment":[{"href":"https:\/\/www.fundacionmanantial.org\/en\/wp-json\/wp\/v2\/media?parent=1292"}],"wp:term":[{"taxonomy":"categoria","embeddable":true,"href":"https:\/\/www.fundacionmanantial.org\/en\/wp-json\/wp\/v2\/categoria?post=1292"}],"curies":[{"name":"wp","href":"https:\/\/api.w.org\/{rel}","templated":true}]}}

Consejería de Familia, Juventud y Asuntos Sociales

<ul class="wp-block-list">
<li><span style="font-weight: 400;">Proyecto Emplea Salud Mental para favorecer los procesos de recuperación e inclusión laboral de personas con problemas de salud mental en situación de alta vulnerabilidad y riesgo de exclusión social.</span></li>
<li>Concertación de la gestión de Centros</li>



<li>Equipamiento y reforma de Centros</li>



<li>Servicio de Información y Orientación</li>



<li>Programa de Pisos Supervisados</li>



<li>Programa de Voluntariado</li>



<li>Servicio de Ámbito Penitenciario</li>



<li>Servicio de Apoyo a la Capacidad Jurídica</li>



<li>Casa Verde</li>



<li>Cofinanciación de la Comunidad de Madrid y de la Unión Europea a través del FSE como parte de la respuesta de la Unión a la pandemia de COVID-19.</li>
</ul>
